{"id":409,"date":"2012-01-26T09:02:08","date_gmt":"2012-01-26T09:02:08","guid":{"rendered":"http:\/\/etsa.udc.es\/pEtsa\/?page_id=409"},"modified":"2024-03-11T15:11:07","modified_gmt":"2024-03-11T14:11:07","slug":"historia-2","status":"publish","type":"page","link":"https:\/\/etsa.udc.es\/web\/?page_id=409","title":{"rendered":"Historia"},"content":{"rendered":"<p><img decoding=\"async\" loading=\"lazy\" class=\"alignnone wp-image-33803 \" src=\"http:\/\/etsa.udc.es\/web\/wp-content\/uploads\/2024\/03\/Fig10-Maqueta-de-la-Escuela-de-Arquitectura-579x300.jpg\" alt=\"\" width=\"620\" height=\"321\" srcset=\"https:\/\/etsa.udc.es\/web\/wp-content\/uploads\/2024\/03\/Fig10-Maqueta-de-la-Escuela-de-Arquitectura-579x300.jpg 579w, https:\/\/etsa.udc.es\/web\/wp-content\/uploads\/2024\/03\/Fig10-Maqueta-de-la-Escuela-de-Arquitectura-180x93.jpg 180w, https:\/\/etsa.udc.es\/web\/wp-content\/uploads\/2024\/03\/Fig10-Maqueta-de-la-Escuela-de-Arquitectura-768x398.jpg 768w, https:\/\/etsa.udc.es\/web\/wp-content\/uploads\/2024\/03\/Fig10-Maqueta-de-la-Escuela-de-Arquitectura-1536x796.jpg 1536w, https:\/\/etsa.udc.es\/web\/wp-content\/uploads\/2024\/03\/Fig10-Maqueta-de-la-Escuela-de-Arquitectura-2048x1062.jpg 2048w\" sizes=\"(max-width: 620px) 100vw, 620px\" \/><\/p>\n<p><strong>2023<\/strong> <strong>Miguel Abelleira Dold\u00e1n<\/strong>, director da ETSAC.<\/p>\n<p><strong>2023 (20.09) <\/strong>Celebraci\u00f3n dos cincuenta anos da creaci\u00f3n da ETSAC.<\/p>\n<p><strong>2023 (28.03)<\/strong> <a href=\"https:\/\/www.boe.es\/diario_boe\/txt.php?id=BOE-A-2023-9210\">BOE: Publicaci\u00f3n do plano de estudos do M\u00e1ster en Desaf\u00edo das Cidades.<\/a><\/p>\n<p><strong>2020 (21.09)<\/strong> Co inicio do curso ret\u00f3manse as actividades con docencia presencial e non presencial.<\/p>\n<p><strong>2020 (16.03)<\/strong> Peche do centro pola situaci\u00f3n de emerxencia derivada da pandemia COVID-19.<\/p>\n<p><strong>2019<\/strong> <strong>Pl\u00e1cido Lizancos Mora<\/strong>, director da ETSAC.<\/p>\n<p><strong>2016 (14.03)<\/strong> <a href=\"https:\/\/www.boe.es\/buscar\/doc.php?id=BOE-A-2016-2567\">BOE: Publicaci\u00f3n do plano de estudos do M\u00e1ster Universitario en Arquitectura.<\/a><\/p>\n<p><strong>2015 (09.12)<\/strong> <a href=\"https:\/\/www.boe.es\/buscar\/doc.php?id=BOE-A-2015-13381\">BOE: Publicaci\u00f3n do plano de estudos do Grao en Estudos de Arquitectura.<\/a><\/p>\n<p><strong>2015 (07.09)<\/strong> Implantaci\u00f3n das novas titulaci\u00f3ns de Grao e M\u00e1ster adaptadas a <a href=\"https:\/\/www.boe.es\/buscar\/doc.php?id=BOE-A-2010-12269\">Orde EDU\/2075\/2010<\/a>.<\/p>\n<p><strong>2015 (17.06)<\/strong> <a href=\"https:\/\/www.xunta.gal\/dog\/Publicados\/2015\/20150617\/AnuncioG0164-090615-0006_gl.html\"><span style=\"color: #000000;\">DOG<\/span>: Autorizaci\u00f3n de implantaci\u00f3n de ensinanzas oficiais de grao, m\u00e1ster e doutoramento para o curso 2015-2016.<\/a> A Xunta de Galicia autoriza a implantaci\u00f3n do Grao en Estudos de Arquitectura e do M\u00e1ster en Arquitectura na UDC.<\/p>\n<p><strong>2012 (06.09)<\/strong> <a href=\"https:\/\/www.boe.es\/boe\/dias\/2012\/09\/06\/pdfs\/BOE-A-2012-11368.pdf\">BOE: Publicaci\u00f3n do plano de estudos do M\u00e1ster Universitario en Rehabilitaci\u00f3n Arquitect\u00f3nica.<\/a><\/p>\n<p><strong>2011<\/strong> <strong>Fernando Agrasar Quiroga<\/strong>, director da ETSAC.<\/p>\n<p><strong>2011 (18.01)<\/strong> <a title=\"BOE plan de estudios graduado en Arquitectura\" href=\"http:\/\/www.udc.es\/opencms\/opencms\/_galeria_down\/ensino\/graos\/pdf\/ppe\/630G01_ppe.pdf\" target=\"_blank\" rel=\"noopener noreferrer\">BOE: Resoluci\u00f3n de 30 de marzo de 2011<\/a>, pola que se publica o plano de estudos do Grao en Arquitectura<\/p>\n<p><strong>2005<\/strong> \u00a0<strong>Xos\u00e9 Manuel Casabella L\u00f3pez<\/strong>, director da ETSAC.<\/p>\n<p><strong>1996<\/strong> \u00a0<strong>Jos\u00e9 Juan Gonz\u00e1lez-Cebri\u00e1n Tello<\/strong>, director da ETSAC.<\/p>\n<p><strong>1996 (19.01)<\/strong> <a href=\"https:\/\/www.boe.es\/buscar\/doc.php?id=BOE-A-1996-1329\">BOE: Resoluci\u00f3n de 20 de diciembre de 1995.<\/a> Plano de estudos homologado polo Consello de Universidades dacordo coas directrices do Real Decreto 1497\/1987.<\/p>\n<p><strong>1994<\/strong> In\u00edciase a construci\u00f3n do edificio de departamentos.<\/p>\n<p><strong>19<\/strong><strong>91<\/strong> A <a href=\"https:\/\/fundacionbarrie.org\/\">Fundaci\u00f3n Barri\u00e9<\/a> entrega \u00e1 Universidade da Coru\u00f1a os edificios da ETSAC e da EUATC, que son os seus primeiros centros.<\/p>\n<p><strong>1989 (27.10)<\/strong> <a href=\"https:\/\/www.boe.es\/buscar\/doc.php?id=BOE-A-1989-25252\">BOE: Lei 11\/1989 de 20 de xullo, de Ordeaci\u00f3n do Sistema Universitario de Galicia.<\/a> Creaci\u00f3n da <a href=\"https:\/\/udc.es\/\">Universidade da Coru\u00f1a<\/a>.<\/p>\n<p><strong>1989<\/strong>\u00a0<strong> Jos\u00e9 Ram\u00f3n Alonso Pereira<\/strong>, director da ETSAC.<\/p>\n<p><strong>1986<\/strong> <strong>Juan Bautista P\u00e9rez Valc\u00e1rcel<\/strong>, director da ETSAC.<\/p>\n<p><strong>1980<\/strong> Entra en funcionamiento o edificio actual.<\/p>\n<p><strong>1979 (29.03)<\/strong> <a href=\"https:\/\/www.boe.es\/buscar\/doc.php?id=BOE-A-1979-8453\">BOE: Orde de 24 de xaneiro de 1979<\/a> pola que se amplia a seis anos o plan de estudos da ETSAC.<\/p>\n<p><strong>1975 (04.11) <\/strong>Inicio do primeiro curso acad\u00e9mico nunha sede provisional. O primeiro claustro est\u00e1 formado por: Jos\u00e9 Antonio Franco Taboada, director; Jos\u00e9 Luis Mosquera Su\u00e1rez, secretario; Xos\u00e9 Manuel Casabella L\u00f3pez; Carlos Fern\u00e1ndez-Gago; Jes\u00fas Arsenio D\u00edaz; Javier Pad\u00edn Vaamonde e Carlos Losada Varela.<\/p>\n<p><strong>1975 Jos\u00e9 Antonio Franco Taboada<\/strong>, director da ETSAC.<\/p>\n<p><strong>1973 (20.09)<\/strong> <a href=\"https:\/\/www.boe.es\/buscar\/doc.php?id=BOE-A-1973-1307\">BOE: Decreto 2219\/1973 de creaci\u00f3n da Escola T\u00e9cnica Superior de Arquitectura<\/a>. Nace adscrita \u00e1 <a href=\"https:\/\/www.usc.gal\/es\">Universidade de Santiago de Compostela.<\/a><\/p>\n<p><strong>1971<\/strong> Contr\u00e1tase ao equipo dirixido por Raymond Caravaty, director do Center for Architectural Research do <a href=\"https:\/\/www.rpi.edu\/about\">Instituto Polit\u00e9cnico Rensselaer<\/a> de Troy, New York, para a planificaci\u00f3n educativa e aos arquitectos Rodolfo Ucha Donate, Juan Casta\u00f1\u00f3n Fari\u00f1a e Jos\u00e9 Mar\u00eda Laguna Mart\u00ednez para dese\u00f1ar o edificio. Os arquitectos estadounidenses John W. McLeod e Raymon Caravaty act\u00faan como consultores do proxecto.<\/p>\n<p><strong>1968<\/strong> A <a href=\"https:\/\/fundacionbarrie.org\/\">Fundaci\u00f3n Pedro Barri\u00e9 de la Maza<\/a> inicia as xesti\u00f3ns ante o Ministerio de Educaci\u00f3n para crear unha Escola de Arquitectura e unha Escola de Arquitectura T\u00e9cnica en Galicia.<\/p>\n<p>&nbsp;<\/p>\n","protected":false},"excerpt":{"rendered":"<p>2023 Miguel Abelleira Dold\u00e1n, director da ETSAC. 2023 (20.09) Celebraci\u00f3n dos cincuenta anos da creaci\u00f3n da ETSAC. 2023 (28.03) BOE: Publicaci\u00f3n do plano de estudos do M\u00e1ster en Desaf\u00edo das [&hellip;]<\/p>\n","protected":false},"author":11,"featured_media":0,"parent":458,"menu_order":4,"comment_status":"closed","ping_status":"closed","template":"pageSinComentarios.php","meta":[],"_links":{"self":[{"href":"https:\/\/etsa.udc.es\/web\/index.php?rest_route=\/wp\/v2\/pages\/409"}],"collection":[{"href":"https:\/\/etsa.udc.es\/web\/index.php?rest_route=\/wp\/v2\/pages"}],"about":[{"href":"https:\/\/etsa.udc.es\/web\/index.php?rest_route=\/wp\/v2\/types\/page"}],"author":[{"embeddable":true,"href":"https:\/\/etsa.udc.es\/web\/index.php?rest_route=\/wp\/v2\/users\/11"}],"replies":[{"embeddable":true,"href":"https:\/\/etsa.udc.es\/web\/index.php?rest_route=%2Fwp%2Fv2%2Fcomments&post=409"}],"version-history":[{"count":49,"href":"https:\/\/etsa.udc.es\/web\/index.php?rest_route=\/wp\/v2\/pages\/409\/revisions"}],"predecessor-version":[{"id":33815,"href":"https:\/\/etsa.udc.es\/web\/index.php?rest_route=\/wp\/v2\/pages\/409\/revisions\/33815"}],"up":[{"embeddable":true,"href":"https:\/\/etsa.udc.es\/web\/index.php?rest_route=\/wp\/v2\/pages\/458"}],"wp:attachment":[{"href":"https:\/\/etsa.udc.es\/web\/index.php?rest_route=%2Fwp%2Fv2%2Fmedia&parent=409"}],"curies":[{"name":"wp","href":"https:\/\/api.w.org\/{rel}","templated":true}]}}