{"id":25868,"date":"2018-05-03T13:56:13","date_gmt":"2018-05-03T11:56:13","guid":{"rendered":"http:\/\/etsa.udc.es\/web\/?page_id=25868"},"modified":"2023-02-18T12:57:59","modified_gmt":"2023-02-18T11:57:59","slug":"politica-de-privacidad","status":"publish","type":"page","link":"https:\/\/etsa.udc.es\/web\/?page_id=25868","title":{"rendered":"Pol\u00edtica de privacidade"},"content":{"rendered":"<div><strong>Protecci\u00f3n de datos<\/strong><\/div>\n<div id=\"contenedor\" class=\"textarea unknown\">\n<p>A Escola T\u00e9cnica Superior de Arquitectura (UDC) cumpre coa lexislaci\u00f3n en materia de protecci\u00f3n de datos e concretamente co Regulamento UE 2016\/679, do Parlamento Europeo e do Consello, de 27 de abril, por iso inf\u00f3rmao de que os datos de car\u00e1cter persoal que facilite no presente sitio web ser\u00e1n tratados conforme \u00e1 devandita lexislaci\u00f3n pola Universidade da Coru\u00f1a.A finalidade do tratamento corresponder\u00e1 \u00e1 xesti\u00f3n de usuarios para a contestaci\u00f3n das suxesti\u00f3ns realizadas, ou a resoluci\u00f3n de cuesti\u00f3n formuladas dependendo da secci\u00f3n a que se remitise . Para os que se solicitar\u00e1n as categor\u00edas de datos relativas \u00e1 identificaci\u00f3n da persoa, inclu\u00edndo o nome e de contacto, onde se incorporar\u00e1 o e-mail do usuario, o tel\u00e9fono ou o fax, ou ben o enderezo postal en atenci\u00f3n \u00e1 v\u00eda de contestaci\u00f3n pola que se opte. O tratamento levado a cabo responde exclusivamente aos fins establecidos anteriormente e correspondentes aos que lle foron requiridos, procedendo os datos do interesado e estando lexitimada para iso polo consentimento que expresamente se outorgou ao aceptar as presentes condici\u00f3ns.<\/p>\n<p>Os ditos datos non ser\u00e1n transferidos a terceiras persoas sen o correspondente consentimento previo, nin f\u00f3ra dos casos expresamente previstos na lexislaci\u00f3n de protecci\u00f3n de datos.<\/p>\n<p>Poder\u00e1 exercitar os dereitos de acceso, rectificaci\u00f3n, cancelaci\u00f3n ou supresi\u00f3n, oposici\u00f3n, \u00e1 limitaci\u00f3n do seu tratamento ou \u00e1 portabilidade de datos dirix\u00edndose ao seguinte enderezo de correo electr\u00f3nico:\u00a0 <a href=\"mailto:secretaria.direccion.etsac@udc.es\">secretaria.direccion.etsac@udc.es<\/a>. Igualmente ten vostede dereito a presentar a s\u00faa reclamaci\u00f3n ante a Axencia Espa\u00f1ola de Protecci\u00f3n de Datos.<\/p>\n<p>Dita comunicaci\u00f3n deber\u00e1 reflectir a seguinte informaci\u00f3n: Nome e apelidos do usuario, a petici\u00f3n de solicitude, o domicilio e os datos acreditativos. O exercicio de dereitos deber\u00e1 ser realizado polo propio usuario. Con todo, poder\u00e1n ser executados por unha persoa autorizada como representante legal do autorizado. En tal caso, deberase achegar a documentaci\u00f3n que acredite esta representaci\u00f3n do interesado.<\/p>\n<p><strong>Recollida, finalidade e tratamentos de datos<\/strong><br \/>\nA Escola T\u00e9cnica Superior de Arquitectura\u00a0 garante que os datos solicitados a trav\u00e9s deste sitio web s\u00f3 utilizaranse para as finalidades propias da devandita web. Ao aceptar estas condici\u00f3ns ac\u00e9ptase que todos os datos introducidos sexan publicados na s\u00faa totalidade a excepci\u00f3n do email que s\u00f3 se utilizar\u00e1 a efectos de notificaci\u00f3ns e contacto.<br \/>\nAs operaci\u00f3ns, xesti\u00f3ns e procedementos t\u00e9cnicos que se realicen de forma automatizada ou non automatizada e que posibiliten a recollida, o almacenamento, a modificaci\u00f3n, a transferencia e outras acci\u00f3ns sobre datos de car\u00e1cter persoal, te\u00f1en a consideraci\u00f3n de tratamento de datos persoais.<\/p>\n<p><strong>Comunicaci\u00f3n de informaci\u00f3n a terceiros<\/strong><br \/>\nOs datos persoais recollidos non ser\u00e1n cedidos a terceiras organizaci\u00f3ns, coa excepci\u00f3n de que dita cesi\u00f3n de datos estea amparada nunha obrigaci\u00f3n legal ou cando a prestaci\u00f3n dun servizo implique a necesidade dunha relaci\u00f3n contractual cun encargado de tratamento. Neste \u00faltimo caso, s\u00f3 levar\u00e1 a cabo a cesi\u00f3n de datos ao terceiro cando se dispo\u00f1a do consentimento expreso do usuario.<\/p>\n<\/div>\n","protected":false},"excerpt":{"rendered":"<p>Protecci\u00f3n de datos A Escola T\u00e9cnica Superior de Arquitectura (UDC) cumpre coa lexislaci\u00f3n en materia de protecci\u00f3n de datos e concretamente co Regulamento UE 2016\/679, do Parlamento Europeo e do [&hellip;]<\/p>\n","protected":false},"author":11,"featured_media":0,"parent":0,"menu_order":0,"comment_status":"closed","ping_status":"closed","template":"","meta":[],"_links":{"self":[{"href":"https:\/\/etsa.udc.es\/web\/index.php?rest_route=\/wp\/v2\/pages\/25868"}],"collection":[{"href":"https:\/\/etsa.udc.es\/web\/index.php?rest_route=\/wp\/v2\/pages"}],"about":[{"href":"https:\/\/etsa.udc.es\/web\/index.php?rest_route=\/wp\/v2\/types\/page"}],"author":[{"embeddable":true,"href":"https:\/\/etsa.udc.es\/web\/index.php?rest_route=\/wp\/v2\/users\/11"}],"replies":[{"embeddable":true,"href":"https:\/\/etsa.udc.es\/web\/index.php?rest_route=%2Fwp%2Fv2%2Fcomments&post=25868"}],"version-history":[{"count":6,"href":"https:\/\/etsa.udc.es\/web\/index.php?rest_route=\/wp\/v2\/pages\/25868\/revisions"}],"predecessor-version":[{"id":32226,"href":"https:\/\/etsa.udc.es\/web\/index.php?rest_route=\/wp\/v2\/pages\/25868\/revisions\/32226"}],"wp:attachment":[{"href":"https:\/\/etsa.udc.es\/web\/index.php?rest_route=%2Fwp%2Fv2%2Fmedia&parent=25868"}],"curies":[{"name":"wp","href":"https:\/\/api.w.org\/{rel}","templated":true}]}}