{"id":117,"date":"2015-04-28T13:56:28","date_gmt":"2015-04-28T13:56:28","guid":{"rendered":"https:\/\/ofabdaetsac.wordpress.com\/?page_id=117"},"modified":"2015-04-28T13:56:28","modified_gmt":"2015-04-28T13:56:28","slug":"libreria-de-freecad","status":"publish","type":"page","link":"https:\/\/etsa.udc.es\/ofabdaetsac\/web\/?page_id=117","title":{"rendered":"Librer\u00eda de FreeCAD"},"content":{"rendered":"<p>En este <a title=\"FreeCAD libary\" href=\"https:\/\/github.com\/yorikvanhavre\/FreeCAD-library\" target=\"_blank\">enlace:\u00a0https:\/\/github.com\/yorikvanhavre\/FreeCAD-library <\/a>podr\u00e1s encontrar una librer\u00eda de objetos realizados por otros y que puedes incorporar a tus dise\u00f1os bajo las condiciones de la licencia <a title=\"Creative Commons\" href=\"http:\/\/creativecommons.org\/licenses\/by\/3.0\/\" target=\"_blank\">CC-BY 3.0<\/a>.<\/p>\n<p>Nosotros ya hemos realizado alguna <a href=\"https:\/\/github.com\/yorikvanhavre\/FreeCAD-library\/tree\/master\/Generic%20objects\" target=\"_blank\">aportaci\u00f3n<\/a>.<\/p>\n<p><a href=\"http:\/\/etsa.udc.es\/ofabdaetsac\/web\/wp-content\/uploads\/2015\/04\/img_20150427_195635-e1430240025975.jpg\"><img decoding=\"async\" loading=\"lazy\" class=\"alignnone size-medium wp-image-111\" src=\"http:\/\/etsa.udc.es\/ofabdaetsac\/web\/wp-content\/uploads\/2015\/04\/img_20150427_195635-e1430240025975.jpg?w=225\" alt=\"IMG_20150427_195635\" width=\"225\" height=\"300\" srcset=\"https:\/\/etsa.udc.es\/ofabdaetsac\/web\/wp-content\/uploads\/2015\/04\/img_20150427_195635-e1430240025975.jpg 800w, https:\/\/etsa.udc.es\/ofabdaetsac\/web\/wp-content\/uploads\/2015\/04\/img_20150427_195635-e1430240025975-225x300.jpg 225w, https:\/\/etsa.udc.es\/ofabdaetsac\/web\/wp-content\/uploads\/2015\/04\/img_20150427_195635-e1430240025975-768x1024.jpg 768w\" sizes=\"(max-width: 225px) 100vw, 225px\" \/><\/a><\/p>\n<p>Recuerda que FeeCAD es una aplicaci\u00f3n gratuita, de c\u00f3digo abierto, orientada al dise\u00f1o directamente fabricable, o casi. \u00a0Es decir, dise\u00f1as \u00a0pensando en como ese objeto se va a cortar y ensamblar o imprimir en 3D. Se encuentra \u00a0en fase beta, pero a\u00fan as\u00ed ya pueden realizar dise\u00f1os complejos y desde luego puedes utilizarlo para realizar tu maqueta.<\/p>\n<p>Puedes encontrar un excelente, breve y gratuito curso sobre FreeCAD realizado por<a href=\"http:\/\/www.iearobotics.com\/wiki\/index.php?title=Juan_Gonzalez:Main\" target=\"_blank\"> Juan Gonz\u00e1lez G\u00f3mez <\/a>(Obijuan) en\u00a0<a href=\"http:\/\/www.iearobotics.com\/wiki\/index.php?title=Dise%C3%B1o_de_piezas_con_Freecad\" target=\"_blank\">http:\/\/www.iearobotics.com\/wiki\/index.php?title=Dise%C3%B1o_de_piezas_con_Freecad<\/a><\/p>\n<p>Una segunda temporada que acaba de empezar en<a href=\"http:\/\/www.iearobotics.com\/wiki\/index.php?title=Tutorial_Freecad._Temporada_2\" target=\"_blank\">\u00a0http:\/\/www.iearobotics.com\/wiki\/index.php?title=Tutorial_Freecad._Temporada_2<\/a><\/p>\n<p>Y una <a href=\"http:\/\/www.iearobotics.com\/wiki\/index.php?title=Tutorial:_Github_y_Freecad\" target=\"_blank\">introducci\u00f3n al dise\u00f1o colaborativo usando FreeCAD y Github <\/a>(repositorio en la nube).<\/p>\n<p>&nbsp;<\/p>\n","protected":false},"excerpt":{"rendered":"<p>En este enlace:\u00a0https:\/\/github.com\/yorikvanhavre\/FreeCAD-library podr\u00e1s encontrar una librer\u00eda de objetos realizados por otros y que puedes incorporar a tus dise\u00f1os bajo las condiciones de la licencia CC-BY 3.0. Nosotros ya hemos realizado alguna aportaci\u00f3n. Recuerda que FeeCAD es una aplicaci\u00f3n gratuita, de c\u00f3digo abierto, orientada al dise\u00f1o directamente fabricable, o casi. \u00a0Es decir, dise\u00f1as \u00a0pensando en [&hellip;]<\/p>\n","protected":false},"author":2,"featured_media":0,"parent":23,"menu_order":0,"comment_status":"open","ping_status":"open","template":"","meta":{"jetpack_post_was_ever_published":false},"jetpack_sharing_enabled":true,"jetpack_shortlink":"https:\/\/wp.me\/P7vN6C-1T","_links":{"self":[{"href":"https:\/\/etsa.udc.es\/ofabdaetsac\/web\/index.php?rest_route=\/wp\/v2\/pages\/117"}],"collection":[{"href":"https:\/\/etsa.udc.es\/ofabdaetsac\/web\/index.php?rest_route=\/wp\/v2\/pages"}],"about":[{"href":"https:\/\/etsa.udc.es\/ofabdaetsac\/web\/index.php?rest_route=\/wp\/v2\/types\/page"}],"author":[{"embeddable":true,"href":"https:\/\/etsa.udc.es\/ofabdaetsac\/web\/index.php?rest_route=\/wp\/v2\/users\/2"}],"replies":[{"embeddable":true,"href":"https:\/\/etsa.udc.es\/ofabdaetsac\/web\/index.php?rest_route=%2Fwp%2Fv2%2Fcomments&post=117"}],"version-history":[{"count":0,"href":"https:\/\/etsa.udc.es\/ofabdaetsac\/web\/index.php?rest_route=\/wp\/v2\/pages\/117\/revisions"}],"up":[{"embeddable":true,"href":"https:\/\/etsa.udc.es\/ofabdaetsac\/web\/index.php?rest_route=\/wp\/v2\/pages\/23"}],"wp:attachment":[{"href":"https:\/\/etsa.udc.es\/ofabdaetsac\/web\/index.php?rest_route=%2Fwp%2Fv2%2Fmedia&parent=117"}],"curies":[{"name":"wp","href":"https:\/\/api.w.org\/{rel}","templated":true}]}}